4*m + 360. What is the units digit of g?
3
Let c = -14 - -14. Suppose c = 2*m - 14 - 0. What is the units digit of m?
7
Let t(s) = -3*s + 1. Let y be t(-3). Suppose -5*o = 5*x - 5, 0 = 5*x + 10 + y. What is the units digit of o?
5
Suppose -c + 20 = 4*c + 4*x, -3*x - 12 = -3*c. Let t(m) = 3 + 3*m**2 - 1 - m**3 - c. What is the units digit of t(2)?
2
Let h = -101 - -104. Suppose u = 4, -u - 3*u + 59 = f. Suppose h*k - l = -3*l + 23, 0 = -5*k - l + f. What is the units digit of k?
9
Let f(s) be the third derivative of 0*s + 0 + s**3 - 7/12*s**4 + 1/60*s**5 + s**2. What is the units digit of f(14)?
6
Suppose -2*x + 0*x + 4 = 0. Suppose -2*a + 60 = 4*b, b - 51 = -x*a + 6*b. What is the tens digit of a?
2
Suppose -4 = 2*z - 3*j, -2*z - 2*j + 4 + 12 = 0. Suppose 7 = 3*o + q, -z*q + 10 = 3*o - 0. What is the units digit of o?
2
Let y = -31 - -30. What is the tens digit of y/(-4) - (-1050)/24?
4
Let v = 4 + -2. Suppose 0*i = v*i - 20. What is the tens digit of i?
1
Let w(s) = 3*s**2 + 2*s - 12. What is the units digit of w(5)?
3
Let w(s) be the second derivative of s**3/6 + s**2/2 + 2*s. What is the units digit of w(3)?
4
Let n = 8 + -5. Suppose 160 = 4*g + 4*r, -4*r = n*g - 48 - 67. Suppose 5*o + 5*u = g, -2*o - 2*o + 35 = 3*u. What is the units digit of o?
8
Let c(g) = g**3 + 8*g**2 - 4*g - 4. What is the tens digit of c(-8)?
2
Suppose 14 = 5*f - 6. Suppose -2*l - 20 = -f*l. What is the units digit of l?
0
Let o(r) = 8*r**3 - 2*r**2 - r. Let q(n) = 17*n**3 - 4*n**2 - 3*n. Let b(s) = 5*o(s) - 2*q(s). What is the units digit of b(1)?
5
Let l be -3*7*4/(-12). Let h be l/3 - (-4)/6. Suppose -21 + h = -3*g. What is the units digit of g?
6
Suppose 2*u - u - 4 = 0. Suppose 0 = 2*a + u, 7*p = 2*p - 5*a + 55. What is the tens digit of p?
1
Let y(c) = -11*c + 13. Let p(s) = 3*s - 3. Let u(l) = 9*p(l) + 2*y(l). Let k be (0 - 1) + (4 - 2). What is the units digit of u(k)?
4
Let q be (-62)/(-22) + 8/44. Suppose 0 = -4*b + 89 + 87. Suppose q*s = -s + b. What is the tens digit of s?
1
Let o be 1 - (-1)/(2 - 1). Let z(c) = -c**3 + c**2 - c - 13. Let a be z(0). What is the units digit of (o - a)*(-1)/(-3)?
5
Let z = 11 + -9. Suppose -z*q - 60 = -7*q. What is the units digit of q?
2
Suppose -2*t + 29 = 5*x - 3, -4*x + 8 = 0. Suppose -3*l = -2*f - 13, -5*l + 2*f = 4*f - t. What is the units digit of l?
3
Let g(q) = 4*q + 4. What is the units digit of g(1)?
8
Suppose -4*k + 2*o + 218 = 5*o, 3*o = k - 62. What is the tens digit of k?
5
Suppose 2*y = y. Suppose 0 = -4*h - 2*t - 2, y = h - t + 5. Let a = 2 - h. What is the units digit of a?
4
Let a = 52 + -6. What is the units digit of (a/(-8))/((-20)/80)?
3
Suppose -5*y + 51 = 1. What is the tens digit of y?
1
Suppose -3*l = -0*l. Suppose 4 = 2*u - 2*n, l = 4*u - 2*u + n - 1. What is the units digit of u?
1
Let s(y) = -2*y**3 - 3*y**2 - y - 5. What is the tens digit of s(-4)?
7
Let m(d) = d**3 + 5*d**2 - 2*d + 1. Let q be m(-3). Suppose -2*f + 0*f + 10 = 2*c, -q = f - 5*c. Suppose f = 3*i + i - 28. What is the units digit of i?
7
What is the units digit of 1/(-6) - (-588)/72?
8
Suppose 0 = -5*k + g - 83, 4*k - 5*g + 76 = -g. Let f = -8 - k. What is the units digit of f?
8
Suppose -i - 3 = -0*i. Let o = i - -15. Suppose 2*f - 14 = o. What is the units digit of f?
3
Let g(b) = 31 - 9*b + 21 + 10*b. What is the tens digit of g(0)?
5
Suppose 0*j + 88 = 4*j. What is the tens digit of j?
2
Suppose 0 = -y - 2*y. Let u = 4 - y. Suppose d = 4*b + 25, -u*d + 0*b = 2*b - 10. What is the units digit of d?
5
Suppose -a - 12 = -3*a. What is the units digit of 18/6*14/a?
7
Suppose -o + 12 = 3*o, 5*o = 2*v - 39. What is the units digit of v?
7
Let z(k) be the third derivative of -k**6/360 + k**5/60 + k**4/24 + k**3/3 + 3*k**2. Let q(c) be the first derivative of z(c). What is the units digit of q(2)?
1
What is the tens digit of (1 - -137)*2/6?
4
Let g(c) = -c**3 - 7*c**2 - 6*c + 6. What is the units digit of g(-6)?
6
Let s(t) = -7*t. Let r be s(-1). Let j be -6 + 3/((-3)/(-2)). Let h = j + r. What is the units digit of h?
3
Let h = 200 - 385. What is the units digit of h/(-15) - 6/(-9)?
3
Let z(n) = n + 6. Let x be z(-3). Suppose -x*d + 20 + 37 = 0. What is the units digit of d?
9
Let l = -6 + 8. What is the tens digit of (2 - 1)*l + 11?
1
What is the units digit of -6 + 10 + 22*6?
6
Let t(r) = -5*r - 1. Let v be -4 + (-3 - -2) - -3. What is the units digit of t(v)?
9
Let a be 1/4 - (-42)/24. Suppose y - 1 = -0*y - a*u, u = -5*y + 5. What is the units digit of y?
1
Let m be ((-20)/25)/(4/(-10)). Let d be 4/4 + 14*m. Suppose 3*g - d = 4*i, 2*g - 5*i - 17 = 14. What is the units digit of g?
3
Let t = 63 + -14. What is the tens digit of t?
4
Let m = -6 + 11. Suppose 21 = m*w + o + 1, 3*w = -3*o. What is the units digit of w?
5
What is the units digit of 1*33 + (-27)/9?
0
Let q(r) = 5*r - 19. What is the tens digit of q(11)?
3
Let o(t) = t**2 - 5*t + 4. Let a be o(3). What is the units digit of ((-1)/2)/(a/36)?
9
Suppose -238 = -5*i + 27. Suppose 4*q - i = -1. What is the units digit of q?
3
What is the tens digit of (4 + -9)/(4/(-64))?
8
Let i = 0 - 7. Let r(x) = -3*x - 8. What is the tens digit of r(i)?
1
Suppose -20 = -7*f + 2*f. Let t be 4 + -4 - (-7 + 1). What is the units digit of 51/t + (-2)/f?
8
Suppose 3*r = -2*b + 43, 0 = -2*b - 0*b - r + 45. Suppose q = -0*q + b. What is the tens digit of q?
2
Let i(g) = g**3 + 20*g**2 - g + 10. What is the units digit of i(-19)?
0
Let o(g) = 4*g + 2. Let x be o(-2). Let d be x - -3 - (0 - 59). Suppose 5*t + 6 = d. What is the tens digit of t?
1
Let a(r) = -r**2 + 12*r + 4. Let i be a(12). What is the units digit of i/(-14) - (-210)/49?
4
Let b = 0 - -20. Let x be ((-2)/5)/(2/b). What is the units digit of (x/8)/(1/(-12))?
6
Let l be 2/((-22)/(-10) + -2). What is the units digit of 24/(-40) + 156/l?
5
Let s be 4*((-5)/(-2) - 1). Let h = -9 + 4. Let c = s + h. What is the units digit of c?
1
What is the tens digit of (-12)/((-3)/(2 + 1))?
1
Suppose 13 = -2*w - 7. Let p = -2 - w. What is the units digit of p?
8
Let p = 29 + -21. Suppose -4*b = -5*b + 5. Suppose p = b*r - 2. What is the units digit of r?
2
Let j = 4 + -6. Let r be ((-3)/j)/((-2)/4). Let t = r - -5. What is the units digit of t?
2
Let o = 16 + -8. Let d = o - 9. What is the units digit of 4 - (d + 1)/3?
4
Let i = 19 + -15. Suppose -i*j + 4*u - 12 = 0, -6*u = -u - 20. What is the units digit of j?
1
Let l(p) = 3*p**3 + 2*p**2 + 2*p + 1. Let o be l(-1). Let f = 4 + o. Suppose 4*j - 2*j - f = 0. What is the units digit of j?
1
Suppose 0 = -5*g + 41 + 89. Suppose -2*u + g + 2 = 0. What is the units digit of u?
4
Suppose 132 = 3*q - 4*o - 44, 3*q - o - 170 = 0. Let f = q + -30. What is the units digit of 3 + f/2 + -3?
3
Suppose -r = 4*a + 11, 4*a + 0*a = -4*r - 44. Let s = r + 30. Let m = -11 + s. What is the units digit of m?
8
Suppose 11*s = -89 + 309. What is the units digit of s?
0
Let p(h) = h**2 - 6*h - 2. Let j(a) = 3*a**2 - 4*a + 3. Let v be j(2). What is the units digit of p(v)?
5
Suppose 0 = 2*h - 9 - 13. What is the units digit of h?
1
Suppose 4*t = -2*r - 0*t - 16, 0 = -r + 5*t + 20. What is the units digit of (-22 + r)*12/(-24)?
1
Let k = 56 - 55. What is the units digit of k?
1
Suppose -3*f + 14 = -5*y + 75, -f = 5*y - 53. What is the tens digit of y?
1
Let j(k) = -2*k**3 - 2*k - 1. Let m be j(-1). Suppose m*t = t + 2. Suppose -p - t = -2. What is the units digit of p?
1
Let t(q) = 2*q**2 + 5*q + 1. Let m = 9 + -6. Suppose -m*x + 1 = 13. What is the units digit of t(x)?
3
Let n(b) = b**3 - b + 44. Let l be n(0). Let t = 62 - l. What is the units digit of t?
8
Suppose j - 5*j = -96. What is the tens digit of ((-30)/(-8))/(9/j)?
1
Let m(g) = g**3 - 6*g**2 + g - 6. Let o be m(6). Suppose 0 = -3*u - o*u. Let a(k) = -k**2 + k + 3. What is the units digit of a(u)?
3
Let f(y) = y**3 - 4*y**2 - 2*y + 1. Let u be f(5). Suppose j + 11 = 3. Let z = u + j. What is the units digit of z?
8
Let j = -6 + -4. What is the tens digit of ((-4)/5)/(j/275)?
2
Suppose -3*d = 2*f - 5*f, 2*d - 8 = -2*f. Suppose 4*u - 3*u = -a + 29, -d*a + 42 = -2*u. What is the tens digit of a?
2
Let u(c) = 21*c**3 + c**2 + 4*c - 3. Let a(d) = d**3 - d + 1. Let z(s) = -3*a(s) - u(s). What is the tens digit of z(-1)?
2
Let a = -34 + 39. What is the units digit of